-17
Let h be ((-2)/(-3))/((-7)/21). Let y(s) = -s**3 - 3*s**2 - s - 1. What is y(h)?
-3
Let g(h) = -2*h**3 + 7*h**2 - h + 8. Let c be 7/21 + 20/(-6). Let d(m) = -3*m**3 + 8*m**2 + 9. Let x(b) = c*d(b) + 4*g(b). Determine x(-5).
0
Let x(o) = 3*o**2 - 6 + 2 + 2 + 2*o. Suppose -6*f = -f + 10. Calculate x(f).
6
Let w(k) = -10*k. Let s(x) be the first derivative of 25*x**2 - 17. Let h(d) = -6*s(d) - 28*w(d). Calculate h(-1).
20
Suppose 0 = -5*m + 65 + 5. Let f be 3/21 - (-12)/m. Let d(g) = -5*g + 15 - 7 - 8. Determine d(f).
-5
Let z(i) = -3*i**3 + 2*i**2 + 13*i - 1. Let y(g) = 4*g**3 - 3*g**2 - 16*g + 2. Let w(n) = -2*y(n) - 3*z(n). Give w(3).
5
Let a(g) be the third derivative of g**5/60 + g**3/3 - 2143*g**2. Suppose 3 = -4*l - 9. Calculate a(l).
11
Let b(x) be the second derivative of x**6/360 - x**5/20 - 5*x**4/3 + 28*x. Let k(n) be the third derivative of b(n). Determine k(4).
2
Let m(y) = -11*y**3 - y**2 - y. Let t be -12*(5/10 + -1). Let p be 14/84 - (7/t)/1. Determine m(p).
11
Let z(f) = f**3 - f**2 + f + 2. Let o = -765 - -765. What is z(o)?
2
Let h be (4/5)/(6/5 + -1). Let j(v) be the third derivative of 0 + 1/10*v**5 + 1/120*v**6 - 1/3*v**3 + 1/24*v**h + 6*v**2 + 0*v. Calculate j(-6).
-8
Suppose -2*v - 29 = -2*p + 31, -2*p + 46 = 5*v. Let r = -33 + p. Let z(q) = -q**3 - 5*q**2 + q + 3. Calculate z(r).
-2
Let y(f) = -5*f**3 + 5*f**2 - 6*f + 3. Let a(w) = 3*w**3 - 412 + 3*w - 3*w**2 + 410 + 0*w. Let k(l) = 7*a(l) + 4*y(l). Determine k(-2).
-8
Let b(q) = -4*q - 8. Let s = -397 + 388. What is b(s)?
28
Let g = -12 + 15. Let k(t) = -3*t - 2 - t**g - 4 + 3*t - t. Give k(0).
-6
Let j(c) = c + 12. Let u be j(-6). Suppose -14 = -5*v - 3*o, -v + u*v + 5*o = 10. Let i(w) = -w - 1. What is i(v)?
-5
Let b(j) = j**3 + 8*j**2 + 3*j - 16. Let v(i) = -i**3 - 8*i**2 - 4*i + 16. Let s(h) = -2*b(h) - 3*v(h). Give s(-7).
-9
Let l(c) = c**3 + 5*c**2 + 5*c - 1. Let r be (15/6 + -3)*-4. Suppose -3*d - 2*v = -2, -r*d + 3*v + 12 = -v. Suppose d*i + 2 = -6. What is l(i)?
-5
Let u(l) = -13 - l**2 + 28 + 0*l**2 - 22 + l. Suppose 0 = 3*p + p. Give u(p).
-7
Let l be 6/8 + (-1)/(-4). Suppose 4 = -5*u + 29. Let p(k) = -u*k**2 + 2*k**2 + 1 + 0*k**2. What is p(l)?
-2
Let n(c) = 8*c - c**2 + 1309 - 1312 - 4*c. Suppose 12 = -5*i + 27. Calculate n(i).
0
Let t be (2/(-3))/(1/3). Let z(m) = 0 + 7*m**2 - 3 - 3*m**2 + 3*m + 4. What is z(t)?
11
Let w = 96 + -97. Let a(m) be the second derivative of 7/20*m**5 + 1/2*m**2 + m + 1/12*m**4 + 0 + 1/6*m**3. Give a(w).
-6
Let k(w) be the first derivative of w**4/4 - 2*w**3 - w**2 + 8*w - 17. Suppose -7 = -j - 1. Calculate k(j).
-4
Let z(u) = -18*u**3 - 19*u**3 + 2*u - 13*u**3 + 49*u**3 - 9*u + 6 - 9*u**2. Calculate z(-8).
-2
Let k(d) = -4*d + 1. Suppose 25 = 40*c + 25. What is k(c)?
1
Let o(y) be the second derivative of -y**7/2520 + y**6/80 - y**5/12 - 17*y**4/6 - 26*y. Let d(r) be the third derivative of o(r). What is d(8)?
-2
Let w(r) = -r**2 - 11*r + 7. Suppose 0 = -q + 2*c - 6, 82*c = 4*q + 83*c + 51. Calculate w(q).
-5
Let a(x) = 2*x**3 - 5*x**2 - x - 2. Let r(n) = n**3 - n**2 + 1. Let j(c) = -a(c) + 3*r(c). Calculate j(-3).
-7
Suppose -2*x = 2*x - 24. Let s be (5 + 4)*2/6. Let p(m) = 7*m**2 - m - 3*m + 9 - s*m - m**3. Determine p(x).
3
Let s(g) = g**3 - 4*g**2 - 3*g - 7. Let u(h) = -h + 4. Let k be u(12). Let c be 1*6 - (9 + k). What is s(c)?
3
Let q(z) = -56*z**3 - 3*z**2 + 17*z - 14. Let l(k) = -19*k**3 - k**2 + 6*k - 5. Let j(u) = -17*l(u) + 6*q(u). Determine j(-1).
13
Let w = 5 + 5. Suppose -4*f - w - 18 = 0. Let s(c) = 6*c**2 - 3*c - 26. Let o(m) = m**2 - 2*m - 6. Let r(l) = 5*o(l) - s(l). What is r(f)?
-4
Suppose -3*u = 3*g - 5 - 1, -5*g + 6 = 3*u. Let j = u + -8. Let i(t) = t**2 + 5*t + 6. What is i(j)?
12
Suppose -9 = -83*q + 80*q. Let v(x) = -x**3 + 2*x + 2. Let p be v(-2). Let r(b) = 5*b - p*b**2 - 2 + b**3 + 3*b**2 - b**2. What is r(q)?
4
Let v(z) be the second derivative of 1/6*z**3 - 4*z**2 + 0 - 18*z - 1/12*z**4. Give v(0).
-8
Let y(i) = 387*i**2 - 7*i**3 + 7*i**3 - 384*i**2 + 4*i - 4 - 3*i**3. Calculate y(3).
-46
Let c(k) = -6*k**3 - k**2 - k + 1. Let a(d) = d**2 - 15*d - 15. Let f be a(16). What is c(f)?
-7
Suppose f + 5 = 3*n, 2*f + 5*n - 18 = 4*n. Let q(h) = -h**3 + 8*h**2 - 6*h - 7. Calculate q(f).
0
Let v(y) = 42*y - 41*y - 15*y**2 + 8*y**2 + 1 - y**3 + 9*y**2. Calculate v(3).
-5
Let f(z) = -2*z + 6*z**2 + z**3 + 8 + 0*z + 4*z. Let o be (-48)/(-176) + 138/(-22). Give f(o).
-4
Suppose -4*o + x = 36, 5*o - 5*x + 11 = -19. Let m(p) = p + 13. Determine m(o).
3
Let v(r) = -r**3 + 15*r**2 - r + 17. Suppose -2*w = 150 - 180. Calculate v(w).
2
Suppose 2*v + 4 = -2*w + 6, 5*w + 30 = 2*v. Let z(q) = 3*q**2 - q**2 - 4 - 3*q**2 + 2 - 5*q. Calculate z(w).
2
Let a(p) = 4*p + 2. Suppose -2*s = 2, -18 - 8 = -3*k - s. Calculate a(k).
38
Let i(a) = 10 + 9*a - 14*a + 3*a + 3*a. Determine i(7).
17
Let k be 2 + -3 + 2/(-4 - -2). Let i = k + -4. Let u(r) be the third derivative of -r**4/12 - r**3/2 + r**2. Give u(i).
9
Let c(n) = 9*n + 6 + 16 - 12*n + 7 + 4*n. What is c(0)?
29
Let t = -165 + 65. Let g be t/26 - (-10)/(-65). Let h(a) be the first derivative of -a**3/3 - 3*a**2/2 - 2*a - 4. Calculate h(g).
-6
Let p(c) = 7 - 35 + 11*c + 14 + 15. Give p(1).
12
Suppose 3*r + 6 = -3*q, -3 = -2*r - 5. Let n(g) = 4*g**2 + 1. Calculate n(q).
5
Suppose 5*c + 4*d = -6 - 5, -4*d - 14 = 2*c. Let n(r) = -6*r**3 + 7*r - 10. Let p(k) = -2*k**3 + 2*k - 3. Let h(l) = 2*n(l) - 7*p(l). Determine h(c).
3
Let u(j) = 10*j - 13. Let f(q) = 6*q - 8. Let g(v) = -8*f(v) + 5*u(v). Determine g(3).
5
Let x(o) = -o + 9. Let v be x(0). Let h(b) = 24*b - 2 - v*b - 16*b. Give h(-4).
2
Let n = 9 + -16. Let c(r) = r**2 + 6*r - 12. Let p be c(n). Let i(d) be the third derivative of -d**4/24 - d**3 + d**2. Determine i(p).
-1
Let a(i) be the first derivative of -3 + 3*i + i**2 + 1 - 3*i**2. Let c be -3*4/(-36) + 10/6. Give a(c).
-5
Suppose -2*j + 24 + 1 = 5*i, 0 = 3*i - 3*j - 36. Let b(l) = 3*l**2 - 20*l - 6. What is b(i)?
1
Let x(m) = -m**2 + 5*m - 1. Let l(q) be the third derivative of -q**4/6 - q**3/6 - 11*q**2. Let a be l(-2). Calculate x(a).
-15
Suppose -2*t + 31 = 2*m + 3*t, 3*m + 3*t = 33. Suppose -5*y = -4*j + 10 - 1, -3*j = -4*y - m. Let u(f) = -3*f - 5. Give u(j).
7
Let l(x) = x**2 - 6*x - 7. Let a be l(7). Let v(q) = -2*q + a + 2*q + 7 + q. Calculate v(-7).
0
Let h(g) = 9*g - 6. Let u(c) be the third derivative of 5*c**4/24 - c**3/2 - 10*c**2. Let t(z) = 4*h(z) - 7*u(z). Determine t(3).
0
Let h(n) = -1. Suppose 0 = -12*c + 9*c - 3. Let i(d) = d**3 + 4*d**2 + 3*d - 2. Let u(p) = c*h(p) + i(p). Calculate u(-3).
-1
Let j(w) = -w**2 + 5*w - 2. Suppose 0 = -q - 4*q. Suppose -4*f - 2*o + 36 = 0, q*f - 22 = -4*f + 5*o. Let b be (-4)/(-6)*(f - 2). Determine j(b).
2
Suppose 645 - 1725 = 15*t. Let g = t - -77. Let w(q) = -q + 3. Calculate w(g).
-2
Let g = -1 - -37. Let l = 32 - g. Let p(f) = -3*f**3 + 3*f**2 - f - 2. Let k(h) = -5*h**3 + 4*h**2 - 2*h - 3. Let i(u) = -5*k(u) + 8*p(u). Determine i(l).
-9
Let d = -144 + 58. Let m = d + 82. Let p(o) = -o**2 - 5*o - 1. What is p(m)?
3
Let p(u) = 3 + 3 + 40*u - 2 - 43*u. Give p(3).
-5
Let t(m) = 9*m + 11. Let o(l) = -4*l - 6. Let z(p) = -5*o(p) - 2*t(p). Suppose -4 + 18 = 7*y. Suppose -y*f - 22 = 2*h - 2, 0 = -5*f - 3*h - 44. Give z(f).
-6
Let u be (-2)/8 - 108/(-48). Let j(t) be the third derivative of -t**6/60 + t**5/20 - t**4/24 + t**3/3 - 2*t**2. Determine j(u).
-4
Let x(y) be the second derivative of y**4/12 + 3*y**3/2 + 11*y**2/2 + 6*y - 9. Determine x(-8).
3
Let o(x) = -11*x + 9. Let w(i) = 4*i - 3. Let u = -32 + 29. Let m(a) = u*o(a) - 8*w(a). Give m(-5).
-8
Let d(r) = r**2 + 3*r + 2. Let b(s) = s - 2. Let h be b(2). Suppose h*n = n + 3. Calculate d(n).
2
Let v be (-1)/(-2*3/(-24)). Let x(o) be the first derivative of o**3/3 + 5*o**2/2 - 91. Calculate x(v).
-4
Let n(v) be the second derivative of -5/6*v**3 + 0 - 1/12*v**4 - 2*v - v**2. Let w(z) = z. Let x be w(-3). Determine n(x).
4
Suppose -5*i + 1 = -4*z, 5 + 1 = -2*i. Let w = 93 - 93. Let n be 0/(w - (z + 3)). Let d(j) = j**3 + 6. Give d(n).
6
Let y(m) be the third derivative of -m**4/24 + 11*m**3/6 - 18*m**2. Calculate y(8).
3
Let w(z) = -z**3 + 6*z**2 - 5*z + 3. Let y = -20 + 25. Calculate w(y).
3
Let r(m) = m**2 + 4*m + 2. Let p(u) = 13*u**2 - 3*u + 1. Let a 